{"id":5855,"date":"2024-11-27T07:18:00","date_gmt":"2024-11-27T06:18:00","guid":{"rendered":"https:\/\/smartcity.bamberg.de\/veranstaltungen\/smart-city-forum\/"},"modified":"2025-10-17T09:31:19","modified_gmt":"2025-10-17T07:31:19","slug":"smart-city-forum","status":"publish","type":"events","link":"https:\/\/smartcity.bamberg.de\/en\/veranstaltungen\/smart-city-forum\/","title":{"rendered":"Digitale Teilhabe durch inklusives UX Design"},"content":{"rendered":"<section class=\"container-fluid bg-white px-0 pt-5 pt-md-5\">\n                    <div class=\"container px-3\">\n<p><\/p>\n<\/div>\n                <\/section>\n\n\n<!--more-->\n\n\n\n<hr class=\"wp-block-separator has-alpha-channel-opacity\"\/>\n\n\n<section class=\"container-fluid bg-white px-0 pt-5 pt-md-5\">\n                    <div class=\"container px-3\">\n<p class=\"has-luminous-vivid-amber-background-color has-background has-medium-font-size\"><strong>Digitale Teilhabe durch inklusives UX Design<\/strong><\/p>\n<\/div>\n                <\/section>\n\n<section class=\"container-fluid bg-white px-0 pt-5 pt-md-5\">\n                    <div class=\"container px-3\">\n<p>In einer zunehmend digitalisierten Welt ist der Zugang zu und die Nutzung von Technologie ein entscheidender Faktor f\u00fcr die gesellschaftliche Teilhabe. Der Smart Talk: Digitale Teilhabe durch inklusives UX Design widmet sich der Frage, wie nutzerzentriertes Design dazu beitragen kann, digitale Produkte und Dienstleistungen f\u00fcr alle zug\u00e4nglich zu machen. Wie k\u00f6nnen wir sicherstellen, dass digitale Produkte barrierefrei und f\u00fcr alle nutzbar sind? Welche Methoden gibt es f\u00fcr inklusives UX Design? Welche Technologien und Tools unterst\u00fctzen Designer:innen bei der Schaffung barrierefreier digitaler Erlebnisse? \u2013 Diesen Fragen werden sich unsere Podiumsg\u00e4ste widmen!<\/p>\n<\/div>\n                <\/section>\n\n<section class=\"container-fluid bg-white px-0 pt-5 pt-md-5\">\n                    <div class=\"container px-3\">\n<p>Podiumsg\u00e4ste: Hanspeter Degelmann &#8211; Digitaler K\u00fcmmerer; Sophia Mittelbach &#8211; UX-Design bei Smart City Bamberg<\/p>\n<\/div>\n                <\/section>\n\n<section class=\"container-fluid bg-white px-0 pt-5 pt-md-5\">\n                    <div class=\"container px-3\">\n<p>Format: Podiumsdiskussion + Workshop!<\/p>\n<\/div>\n                <\/section>\n\n\n<hr class=\"wp-block-separator has-alpha-channel-opacity\"\/>\n\n\n<section class=\"container-fluid bg-white px-0 pt-5 pt-md-5\">\n                    <div class=\"container px-3\">\n<p>Gemeinsam mit der VHS Bamberg Stadt und dem Smart City Research Lab der Universit\u00e4t Bamberg besteht die Veranstaltungsreihe Smart City Forum. Dabei gibt es entweder einen<strong> Smart Talk<\/strong> oder eine <strong>Vorlesung der Uni <\/strong>zum Thema Smart City. Die Veranstaltungen werden online gestreamt oder finden in Pr\u00e4senz statt. F\u00fcr das Wintersemester 2024\/25 sind drei Smart Talks geplant. Die Ringvorlesung der Uni Bamberg pausiert in diesem Semester. Wo m\u00f6glich werden die Inputs zur sp\u00e4teren Ver\u00f6ffentlichung aufgezeichnet.<\/p>\n<\/div>\n                <\/section>\n\n\n<hr class=\"wp-block-separator has-alpha-channel-opacity\"\/>\n\n\n<section class=\"container-fluid bg-white px-0 pt-5 pt-md-5\">\n                    <div class=\"container px-3\">\n<p class=\"has-medium-font-size\"><strong>Das waren die bisherigen Smart Talks:<\/strong><\/p>\n<\/div>\n                <\/section>\n\n<section class=\"container-fluid bg-white px-0 pt-5 pt-md-5\">\n                    <div class=\"container px-3\">\n<p class=\"has-medium-font-size\"><a href=\"https:\/\/www.youtube.com\/watch?v=zhPqcBJPlh4&amp;list=PLqxmmgdHxHe8UYchE9nLL412OWoCLl_wd\">Zu den Aufzeichnungen<\/a>!<\/p>\n<\/div>\n                <\/section>\n\n<section class=\"container-fluid bg-white p-0 pt-5 pt-md-5\">\n                    <div class=\"container p-5 p-3 pb-0\">\n<h2 class=\"wp-block-heading has-medium-font-size\" class=\"mb-0\"><strong>Ringvorlesung verpasst?<\/strong><\/h2>\n<\/div>\n                <\/section>\n\n<section class=\"container-fluid bg-white px-0 pt-5 pt-md-5\">\n                    <div class=\"container px-3\">\n<p>Alle Ringvorlesungen des Smart City Forums gibt es hier zum Nachschauen:<\/p>\n<\/div>\n                <\/section>\n\n<section class=\"container-fluid bg-white px-0 pt-5 pt-md-5\">\n                    <div class=\"container px-3\">\n<p class=\"has-medium-font-size\"><a href=\"https:\/\/vc.uni-bamberg.de\/course\/view.php?id=51675\">https:\/\/vc.uni-bamberg.de\/course\/view.php?id=51675<\/a><\/p>\n<\/div>\n                <\/section>","protected":false},"excerpt":{"rendered":"<p>Smart Talk: Digitale Teilhabe durch inklusives UX Design<\/p>\n","protected":false},"featured_media":6187,"template":"","meta":{"_acf_changed":false,"footnotes":""},"categories":[150],"class_list":["post-5855","events","type-events","status-publish","has-post-thumbnail","hentry","category-veranstaltungen"],"acf":[],"_links":{"self":[{"href":"https:\/\/smartcity.bamberg.de\/en\/wp-json\/wp\/v2\/events\/5855","targetHints":{"allow":["GET"]}}],"collection":[{"href":"https:\/\/smartcity.bamberg.de\/en\/wp-json\/wp\/v2\/events"}],"about":[{"href":"https:\/\/smartcity.bamberg.de\/en\/wp-json\/wp\/v2\/types\/events"}],"version-history":[{"count":2,"href":"https:\/\/smartcity.bamberg.de\/en\/wp-json\/wp\/v2\/events\/5855\/revisions"}],"predecessor-version":[{"id":6190,"href":"https:\/\/smartcity.bamberg.de\/en\/wp-json\/wp\/v2\/events\/5855\/revisions\/6190"}],"wp:featuredmedia":[{"embeddable":true,"href":"https:\/\/smartcity.bamberg.de\/en\/wp-json\/wp\/v2\/media\/6187"}],"wp:attachment":[{"href":"https:\/\/smartcity.bamberg.de\/en\/wp-json\/wp\/v2\/media?parent=5855"}],"wp:term":[{"taxonomy":"category","embeddable":true,"href":"https:\/\/smartcity.bamberg.de\/en\/wp-json\/wp\/v2\/categories?post=5855"}],"curies":[{"name":"wp","href":"https:\/\/api.w.org\/{rel}","templated":true}]}}

<section class="container-fluid bg-white px-0 pt-5 pt-md-5">
                    <div class="container px-3">
<p></p>
</div>
                </section>


<!--more-->



<hr class="wp-block-separator has-alpha-channel-opacity"/>


<section class="container-fluid bg-white px-0 pt-5 pt-md-5">
                    <div class="container px-3">
<p class="has-luminous-vivid-amber-background-color has-background has-medium-font-size"><strong>Digitale Teilhabe durch inklusives UX Design</strong></p>
</div>
                </section>

<section class="container-fluid bg-white px-0 pt-5 pt-md-5">
                    <div class="container px-3">
<p>In einer zunehmend digitalisierten Welt ist der Zugang zu und die Nutzung von Technologie ein entscheidender Faktor für die gesellschaftliche Teilhabe. Der Smart Talk: Digitale Teilhabe durch inklusives UX Design widmet sich der Frage, wie nutzerzentriertes Design dazu beitragen kann, digitale Produkte und Dienstleistungen für alle zugänglich zu machen. Wie können wir sicherstellen, dass digitale Produkte barrierefrei und für alle nutzbar sind? Welche Methoden gibt es für inklusives UX Design? Welche Technologien und Tools unterstützen Designer:innen bei der Schaffung barrierefreier digitaler Erlebnisse? – Diesen Fragen werden sich unsere Podiumsgäste widmen!</p>
</div>
                </section>

<section class="container-fluid bg-white px-0 pt-5 pt-md-5">
                    <div class="container px-3">
<p>Podiumsgäste: Hanspeter Degelmann &#8211; Digitaler Kümmerer; Sophia Mittelbach &#8211; UX-Design bei Smart City Bamberg</p>
</div>
                </section>

<section class="container-fluid bg-white px-0 pt-5 pt-md-5">
                    <div class="container px-3">
<p>Format: Podiumsdiskussion + Workshop!</p>
</div>
                </section>


<hr class="wp-block-separator has-alpha-channel-opacity"/>


<section class="container-fluid bg-white px-0 pt-5 pt-md-5">
                    <div class="container px-3">
<p>Gemeinsam mit der VHS Bamberg Stadt und dem Smart City Research Lab der Universität Bamberg besteht die Veranstaltungsreihe Smart City Forum. Dabei gibt es entweder einen<strong> Smart Talk</strong> oder eine <strong>Vorlesung der Uni </strong>zum Thema Smart City. Die Veranstaltungen werden online gestreamt oder finden in Präsenz statt. Für das Wintersemester 2024/25 sind drei Smart Talks geplant. Die Ringvorlesung der Uni Bamberg pausiert in diesem Semester. Wo möglich werden die Inputs zur späteren Veröffentlichung aufgezeichnet.</p>
</div>
                </section>


<hr class="wp-block-separator has-alpha-channel-opacity"/>


<section class="container-fluid bg-white px-0 pt-5 pt-md-5">
                    <div class="container px-3">
<p class="has-medium-font-size"><strong>Das waren die bisherigen Smart Talks:</strong></p>
</div>
                </section>

<section class="container-fluid bg-white px-0 pt-5 pt-md-5">
                    <div class="container px-3">
<p class="has-medium-font-size"><a href="https://www.youtube.com/watch?v=zhPqcBJPlh4&amp;list=PLqxmmgdHxHe8UYchE9nLL412OWoCLl_wd">Zu den Aufzeichnungen</a>!</p>
</div>
                </section>

<section class="container-fluid bg-white p-0 pt-5 pt-md-5">
                    <div class="container p-5 p-3 pb-0">
<h2 class="wp-block-heading has-medium-font-size" class="mb-0"><strong>Ringvorlesung verpasst?</strong></h2>
</div>
                </section>

<section class="container-fluid bg-white px-0 pt-5 pt-md-5">
                    <div class="container px-3">
<p>Alle Ringvorlesungen des Smart City Forums gibt es hier zum Nachschauen:</p>
</div>
                </section>

<section class="container-fluid bg-white px-0 pt-5 pt-md-5">
                    <div class="container px-3">
<p class="has-medium-font-size"><a href="https://vc.uni-bamberg.de/course/view.php?id=51675">https://vc.uni-bamberg.de/course/view.php?id=51675</a></p>
</div>
                </section>
