{"id":5862,"date":"2024-10-21T12:14:13","date_gmt":"2024-10-21T10:14:13","guid":{"rendered":"https:\/\/smartcity.bamberg.de\/veranstaltungen\/bamberg-2050-laufend-die-zukunft-denken\/"},"modified":"2025-10-06T09:22:09","modified_gmt":"2025-10-06T07:22:09","slug":"bamberg-2050-laufend-die-zukunft-denken","status":"publish","type":"events","link":"https:\/\/smartcity.bamberg.de\/en\/veranstaltungen\/bamberg-2050-laufend-die-zukunft-denken\/","title":{"rendered":"Bamberg 2050 &#8211; Laufend die Zukunft denken"},"content":{"rendered":"<section class=\"container-fluid bg-white px-0 pt-5 pt-md-5\">\n                    <div class=\"container px-3\">\n<p>Bereits seit Mitte September ist in der Teilbibliothek 4 der Bamberger Universit\u00e4t die Wanderausstellung \u201eFutur II \u2013 Mobilit\u00e4t 2050 in der Metropolregion N\u00fcrnberg \u2013 Wie wir es geschafft haben werden\u201c zu sehen, die vom Deutschen Museum in N\u00fcrnberg \u2013 Das Zukunftsmuseum gemeinsam mit dem Projekt transform_EMN der Metropolregion N\u00fcrnberg konzipiert wurde. Sie bietet in drei R\u00e4umen einen Blick in die Zukunft der Region, der bewusst radikal optimistisch darauf schaut, was sich in den n\u00e4chsten 25 Jahren ver\u00e4ndert haben wird. Im Fokus stehen dabei die Bereiche Innovation, Mobilit\u00e4t und Leben, alles beeinflusst von der Digitalisierung.<\/p>\n<\/div>\n                <\/section>\n\n\n<!--more-->\n\n\n<section class=\"container-fluid bg-white px-0 pt-5 pt-md-5\">\n                    <div class=\"container px-3\">\n<p><\/p>\n<\/div>\n                <\/section>\n\n<section class=\"container-fluid bg-white px-0 pt-5 pt-md-5\">\n                    <div class=\"container px-3\">\n<p>Um die \u00dcberlegungen zum Megatrend Digitalisierung zu unterst\u00fctzen, hat sich die Metropolregion N\u00fcrnberg mit dem KMU-KI-Erfahrungszentrum der Uni Bamberg und mit Smart City Bamberg f\u00fcr eine besondere Veranstaltung zusammengetan. Das Format \u201eBamberg 2050 \u2013 Laufend die Zukunft denken\u201c vereint die Inhalte der Ausstellung mit dem direkten Blick auf Stadt und Landkreis Bamberg.<\/p>\n<\/div>\n                <\/section>\n\n<section class=\"container-fluid bg-white px-0 pt-5 pt-md-5\">\n                    <div class=\"container px-3\">\n<p>So bekommen alle interessierten B\u00fcrgerinnen und B\u00fcrger am 29.10.2024 um 17 Uhr die M\u00f6glichkeit, eine F\u00fchrung durch die Ausstellung \u201eFutur II\u201c zu erhalten. Danach findet ein Ortswechsel statt: Um mehr Platz f\u00fcr den gemeinsamen Austausch zu haben, begeben sich die Teilnehmenden in den Stadt:Raum am ZOB. Dort ist Zeit f\u00fcr Diskussionen zu den Themen der Ausstellung, wobei ein besonderer Blick auf die Zukunft Bambergs gelegt wird. In der Gruppe wird beratschlagt, wie man mit den Herausforderungen der heutigen Zeit umgehen soll, damit die positive Vision der Ausstellung erreicht werden kann. Bis 19 Uhr k\u00f6nnen somit ganz eigene Bilder der Zukunft vorgestellt, getr\u00e4umt und diskutiert werden. <\/p>\n<\/div>\n                <\/section>\n\n<section class=\"container-fluid bg-white px-0 pt-5 pt-md-5\">\n                    <div class=\"container px-3\">\n<p>Die Veranstaltung beginnt in der Teilbibliothek 4, Heumarkt 2, 96047 Bamberg um 17 Uhr. Die Teilnahme ist kostenlos, eine Anmeldung ist nicht n\u00f6tig.<\/p>\n<\/div>\n                <\/section>","protected":false},"excerpt":{"rendered":"<p>Eine F\u00fchrung durch die Ausstellung &#8220;Futur II&#8221; in der TB4 mit anschlie\u00dfendem Austausch im Stadt:Raum geben Raum, sich Gedanken um die Zukunft der Mobilit\u00e4t zu machen!<\/p>\n","protected":false},"featured_media":2151,"template":"","meta":{"_acf_changed":false,"footnotes":""},"categories":[150],"class_list":["post-5862","events","type-events","status-publish","has-post-thumbnail","hentry","category-veranstaltungen"],"acf":[],"_links":{"self":[{"href":"https:\/\/smartcity.bamberg.de\/en\/wp-json\/wp\/v2\/events\/5862","targetHints":{"allow":["GET"]}}],"collection":[{"href":"https:\/\/smartcity.bamberg.de\/en\/wp-json\/wp\/v2\/events"}],"about":[{"href":"https:\/\/smartcity.bamberg.de\/en\/wp-json\/wp\/v2\/types\/events"}],"version-history":[{"count":2,"href":"https:\/\/smartcity.bamberg.de\/en\/wp-json\/wp\/v2\/events\/5862\/revisions"}],"predecessor-version":[{"id":6054,"href":"https:\/\/smartcity.bamberg.de\/en\/wp-json\/wp\/v2\/events\/5862\/revisions\/6054"}],"wp:featuredmedia":[{"embeddable":true,"href":"https:\/\/smartcity.bamberg.de\/en\/wp-json\/wp\/v2\/media\/2151"}],"wp:attachment":[{"href":"https:\/\/smartcity.bamberg.de\/en\/wp-json\/wp\/v2\/media?parent=5862"}],"wp:term":[{"taxonomy":"category","embeddable":true,"href":"https:\/\/smartcity.bamberg.de\/en\/wp-json\/wp\/v2\/categories?post=5862"}],"curies":[{"name":"wp","href":"https:\/\/api.w.org\/{rel}","templated":true}]}}

<section class="container-fluid bg-white px-0 pt-5 pt-md-5">
                    <div class="container px-3">
<p>Bereits seit Mitte September ist in der Teilbibliothek 4 der Bamberger Universität die Wanderausstellung „Futur II – Mobilität 2050 in der Metropolregion Nürnberg – Wie wir es geschafft haben werden“ zu sehen, die vom Deutschen Museum in Nürnberg – Das Zukunftsmuseum gemeinsam mit dem Projekt transform_EMN der Metropolregion Nürnberg konzipiert wurde. Sie bietet in drei Räumen einen Blick in die Zukunft der Region, der bewusst radikal optimistisch darauf schaut, was sich in den nächsten 25 Jahren verändert haben wird. Im Fokus stehen dabei die Bereiche Innovation, Mobilität und Leben, alles beeinflusst von der Digitalisierung.</p>
</div>
                </section>


<!--more-->


<section class="container-fluid bg-white px-0 pt-5 pt-md-5">
                    <div class="container px-3">
<p></p>
</div>
                </section>

<section class="container-fluid bg-white px-0 pt-5 pt-md-5">
                    <div class="container px-3">
<p>Um die Überlegungen zum Megatrend Digitalisierung zu unterstützen, hat sich die Metropolregion Nürnberg mit dem KMU-KI-Erfahrungszentrum der Uni Bamberg und mit Smart City Bamberg für eine besondere Veranstaltung zusammengetan. Das Format „Bamberg 2050 – Laufend die Zukunft denken“ vereint die Inhalte der Ausstellung mit dem direkten Blick auf Stadt und Landkreis Bamberg.</p>
</div>
                </section>

<section class="container-fluid bg-white px-0 pt-5 pt-md-5">
                    <div class="container px-3">
<p>So bekommen alle interessierten Bürgerinnen und Bürger am 29.10.2024 um 17 Uhr die Möglichkeit, eine Führung durch die Ausstellung „Futur II“ zu erhalten. Danach findet ein Ortswechsel statt: Um mehr Platz für den gemeinsamen Austausch zu haben, begeben sich die Teilnehmenden in den Stadt:Raum am ZOB. Dort ist Zeit für Diskussionen zu den Themen der Ausstellung, wobei ein besonderer Blick auf die Zukunft Bambergs gelegt wird. In der Gruppe wird beratschlagt, wie man mit den Herausforderungen der heutigen Zeit umgehen soll, damit die positive Vision der Ausstellung erreicht werden kann. Bis 19 Uhr können somit ganz eigene Bilder der Zukunft vorgestellt, geträumt und diskutiert werden. </p>
</div>
                </section>

<section class="container-fluid bg-white px-0 pt-5 pt-md-5">
                    <div class="container px-3">
<p>Die Veranstaltung beginnt in der Teilbibliothek 4, Heumarkt 2, 96047 Bamberg um 17 Uhr. Die Teilnahme ist kostenlos, eine Anmeldung ist nicht nötig.</p>
</div>
                </section>

<p>Eine Führung durch die Ausstellung &#8220;Futur II&#8221; in der TB4 mit anschließendem Austausch im Stadt:Raum geben Raum, sich Gedanken um die Zukunft der Mobilität zu machen!</p>
