{"id":5866,"date":"2024-12-18T11:42:53","date_gmt":"2024-12-18T10:42:53","guid":{"rendered":"https:\/\/smartcity.bamberg.de\/veranstaltungen\/smart-city-smart-regions-zukunftsvisionen-im-vergleich\/"},"modified":"2025-10-17T09:31:10","modified_gmt":"2025-10-17T07:31:10","slug":"smart-city-smart-regions-zukunftsvisionen-im-vergleich","status":"publish","type":"events","link":"https:\/\/smartcity.bamberg.de\/en\/veranstaltungen\/smart-city-smart-regions-zukunftsvisionen-im-vergleich\/","title":{"rendered":"Smart City &#038; Smart Regions: Zukunftsvisionen im Vergleich"},"content":{"rendered":"<section class=\"container-fluid bg-white px-0 pt-5 pt-md-5\">\n                    <div class=\"container px-3\">\n<p><strong>Wir laden herzlich zum Smart Talk ein:<\/strong><\/p>\n<\/div>\n                <\/section>\n\n<section class=\"container-fluid bg-white px-0 pt-5 pt-md-5\">\n                    <div class=\"container px-3\">\n<p><strong>16.01.2025, 18:15-19:45 Uhr &#8211; online via Zoom<\/strong><\/p>\n<\/div>\n                <\/section>\n\n<section class=\"container-fluid bg-white px-0 pt-5 pt-md-5\">\n                    <div class=\"container px-3\">\n<p>Mit den Smart Talks arbeiten Smart City Bamberg und die VHS Bamberg Stadt regelm\u00e4\u00dfig daran, komplexe Themen zu digitalen Fragestellungen von verschiedenen Seiten zu beleuchten und f\u00fcr Interessierte verst\u00e4ndlich darzustellen. So auch am 16.01.2025, wenn vier Expertinnen und Experten aus dem Smart City F\u00f6rderprogramm dar\u00fcber diskutieren, worin sich die Zukunftsvisionen ihrer St\u00e4dte und Regionen gerade in Hinblick auf Digitalisierung unterscheiden und worin Gemeinsamkeiten liegen. <\/p>\n<\/div>\n                <\/section>\n\n\n<!--more-->\n\n\n<section class=\"container-fluid bg-white px-0 pt-5 pt-md-5\">\n                    <div class=\"container px-3\">\n<p>Denn obwohl Stadt und Land beide vom technischen Fortschritt profitieren k\u00f6nnen, so stehen sie doch vor unterschiedlichen Bedingungen und Herausforderungen. Hinzu kommt, dass St\u00e4dte und die umgebenden Regionen meist eng zusammenh\u00e4ngen und gegenseitige Wechselwirkungen zwischen ihnen bestehen. Wie kann man diesen Herausforderungen also mit digitalen Mitteln entgegentreten? Und wie kann man die dort lebenden Menschen in die Entwicklung der L\u00f6sungen einbinden? Diese und viele weitere Fragen werden im Smart Talk beantwortet. <\/p>\n<\/div>\n                <\/section>\n\n<section class=\"container-fluid bg-white px-0 pt-5 pt-md-5\">\n                    <div class=\"container px-3\">\n<p>Als G\u00e4ste stehen dieses Mal vier Expertinnen und Experten auf dem virtuellen Podium. Lena Schandra ist Leiterin des Projekts SmartesLand im Ilzer Land und kennt sich mit den Herausforderungen smarter Projekte in l\u00e4ndlichen Regionalverb\u00e4nden aus. Sascha G\u00f6tz ist Programmleiter von Smart City Bamberg. Er zeigt, wie eine Stadt wie Bamberg durch smarte Technologien zukunftsf\u00e4hig gestaltet werden kann. Sandra Pfaff ist Netzwerkmanagerin der Smarten Region W\u00fcrzburg, wo Stadt und Landkreis in einem gemeinsamen Ansatz gedacht und digital ausgestattet werden. Zu guter Letzt steht Jan Abt vom Deutschen Institut f\u00fcr Urbanistik in Berlin bereit, um mit seiner Expertise in der Stadt- und Regionalentwicklung eine \u00fcbergreifenden Forschungsperspektive zu geben.<\/p>\n<\/div>\n                <\/section>\n\n\n<hr class=\"wp-block-separator has-alpha-channel-opacity\"\/>\n\n\n<section class=\"container-fluid bg-white px-0 pt-5 pt-md-5\">\n                    <div class=\"container px-3\">\n<p>Nehmen Sie kostenlos und ohne Anmeldung am Smart Talk teil!<br>Nutzen Sie daf\u00fcr einfach <a href=\"https:\/\/us02web.zoom.us\/j\/82886480826?pwd=87Y0p4m5OKd2XERotmoqbTbdhZiaua.1\">diesen Link<\/a>.<\/p>\n<\/div>\n                <\/section>","protected":false},"excerpt":{"rendered":"<p>Smart Talk: Smart City &#038; Smart Regions &#8211; Zukunftsvisionen im Vergleich<\/p>\n","protected":false},"featured_media":2191,"template":"","meta":{"_acf_changed":false,"footnotes":""},"categories":[150],"class_list":["post-5866","events","type-events","status-publish","has-post-thumbnail","hentry","category-veranstaltungen"],"acf":[],"_links":{"self":[{"href":"https:\/\/smartcity.bamberg.de\/en\/wp-json\/wp\/v2\/events\/5866","targetHints":{"allow":["GET"]}}],"collection":[{"href":"https:\/\/smartcity.bamberg.de\/en\/wp-json\/wp\/v2\/events"}],"about":[{"href":"https:\/\/smartcity.bamberg.de\/en\/wp-json\/wp\/v2\/types\/events"}],"version-history":[{"count":2,"href":"https:\/\/smartcity.bamberg.de\/en\/wp-json\/wp\/v2\/events\/5866\/revisions"}],"predecessor-version":[{"id":6059,"href":"https:\/\/smartcity.bamberg.de\/en\/wp-json\/wp\/v2\/events\/5866\/revisions\/6059"}],"wp:featuredmedia":[{"embeddable":true,"href":"https:\/\/smartcity.bamberg.de\/en\/wp-json\/wp\/v2\/media\/2191"}],"wp:attachment":[{"href":"https:\/\/smartcity.bamberg.de\/en\/wp-json\/wp\/v2\/media?parent=5866"}],"wp:term":[{"taxonomy":"category","embeddable":true,"href":"https:\/\/smartcity.bamberg.de\/en\/wp-json\/wp\/v2\/categories?post=5866"}],"curies":[{"name":"wp","href":"https:\/\/api.w.org\/{rel}","templated":true}]}}

<section class="container-fluid bg-white px-0 pt-5 pt-md-5">
                    <div class="container px-3">
<p><strong>Wir laden herzlich zum Smart Talk ein:</strong></p>
</div>
                </section>

<section class="container-fluid bg-white px-0 pt-5 pt-md-5">
                    <div class="container px-3">
<p><strong>16.01.2025, 18:15-19:45 Uhr &#8211; online via Zoom</strong></p>
</div>
                </section>

<section class="container-fluid bg-white px-0 pt-5 pt-md-5">
                    <div class="container px-3">
<p>Mit den Smart Talks arbeiten Smart City Bamberg und die VHS Bamberg Stadt regelmäßig daran, komplexe Themen zu digitalen Fragestellungen von verschiedenen Seiten zu beleuchten und für Interessierte verständlich darzustellen. So auch am 16.01.2025, wenn vier Expertinnen und Experten aus dem Smart City Förderprogramm darüber diskutieren, worin sich die Zukunftsvisionen ihrer Städte und Regionen gerade in Hinblick auf Digitalisierung unterscheiden und worin Gemeinsamkeiten liegen. </p>
</div>
                </section>


<!--more-->


<section class="container-fluid bg-white px-0 pt-5 pt-md-5">
                    <div class="container px-3">
<p>Denn obwohl Stadt und Land beide vom technischen Fortschritt profitieren können, so stehen sie doch vor unterschiedlichen Bedingungen und Herausforderungen. Hinzu kommt, dass Städte und die umgebenden Regionen meist eng zusammenhängen und gegenseitige Wechselwirkungen zwischen ihnen bestehen. Wie kann man diesen Herausforderungen also mit digitalen Mitteln entgegentreten? Und wie kann man die dort lebenden Menschen in die Entwicklung der Lösungen einbinden? Diese und viele weitere Fragen werden im Smart Talk beantwortet. </p>
</div>
                </section>

<section class="container-fluid bg-white px-0 pt-5 pt-md-5">
                    <div class="container px-3">
<p>Als Gäste stehen dieses Mal vier Expertinnen und Experten auf dem virtuellen Podium. Lena Schandra ist Leiterin des Projekts SmartesLand im Ilzer Land und kennt sich mit den Herausforderungen smarter Projekte in ländlichen Regionalverbänden aus. Sascha Götz ist Programmleiter von Smart City Bamberg. Er zeigt, wie eine Stadt wie Bamberg durch smarte Technologien zukunftsfähig gestaltet werden kann. Sandra Pfaff ist Netzwerkmanagerin der Smarten Region Würzburg, wo Stadt und Landkreis in einem gemeinsamen Ansatz gedacht und digital ausgestattet werden. Zu guter Letzt steht Jan Abt vom Deutschen Institut für Urbanistik in Berlin bereit, um mit seiner Expertise in der Stadt- und Regionalentwicklung eine übergreifenden Forschungsperspektive zu geben.</p>
</div>
                </section>


<hr class="wp-block-separator has-alpha-channel-opacity"/>


<section class="container-fluid bg-white px-0 pt-5 pt-md-5">
                    <div class="container px-3">
<p>Nehmen Sie kostenlos und ohne Anmeldung am Smart Talk teil!<br>Nutzen Sie dafür einfach <a href="https://us02web.zoom.us/j/82886480826?pwd=87Y0p4m5OKd2XERotmoqbTbdhZiaua.1">diesen Link</a>.</p>
</div>
                </section>
