{"id":6042,"date":"2025-10-06T09:01:32","date_gmt":"2025-10-06T07:01:32","guid":{"rendered":"https:\/\/smartcity.bamberg.de\/veranstaltungen\/"},"modified":"2025-10-17T09:29:44","modified_gmt":"2025-10-17T07:29:44","slug":"stammtisch-okt-2025","status":"publish","type":"events","link":"https:\/\/smartcity.bamberg.de\/en\/veranstaltungen\/stammtisch-okt-2025\/","title":{"rendered":"Stammtisch Okt. 2025"},"content":{"rendered":"<section class=\"container-fluid bg-white px-0 pt-5 pt-md-5\">\n                    <div class=\"container px-3\">\n<p>F\u00fcr das verbleibende Jahr stehen gleich vier Stammtische an, wie immer mittags und abends im Wechsel. Wir greifen zudem eine Idee wieder auf, zu Beginn des Stammtischs einen kleinen f\u00fcnf- bis zehnmin\u00fctigen Input zu Smart City Themen zu geben. Danach ist wie immer Zeit f\u00fcr einen freien Austausch und Fragen zu unseren Projekten und anderen digitalen Themen.<\/p>\n<\/div>\n                <\/section>\n\n<section class=\"container-fluid bg-white px-0 pt-5 pt-md-5\">\n                    <div class=\"container px-3\">\n<p>Am <strong>29.10.2025<\/strong> geht es <strong>ab 17.30 Uhr<\/strong> im <a href=\"https:\/\/bamberg.aposto.eu\/\" target=\"_blank\" rel=\"noreferrer noopener\">Aposto (Geyersw\u00f6rthstra\u00dfe 5a)<\/a> darum, wie die Smart City Anwendung Bamberg-miteinander die Arbeit von Vereinen, Initiativen und anderen Verb\u00fcnden digital unterst\u00fctzen kann. Unser Kollege Steve Henschel, Projektmanager von Bamberg-miteinander, wird das Projekt und seine Funktionsweise vorstellen und freut sich auf den Austausch mit Interessierten.<\/p>\n<\/div>\n                <\/section>\n\n<section class=\"container-fluid bg-white px-0 pt-5 pt-md-5\">\n                    <div class=\"container px-3\">\n<p>Eine Anmeldung ist nicht n\u00f6tig &#8211; wir freuen uns, wenn ihr kommt!<\/p>\n<\/div>\n                <\/section>","protected":false},"excerpt":{"rendered":"<p>Habt ihr Fragen zu Smart City Bamberg? Wolltet ihr euch schon immer mal dazu austauschen? Dann kommt bei unserem Stammtisch vorbei!<\/p>\n","protected":false},"featured_media":6038,"template":"","meta":{"_acf_changed":false,"footnotes":""},"categories":[150],"class_list":["post-6042","events","type-events","status-publish","has-post-thumbnail","hentry","category-veranstaltungen"],"acf":[],"_links":{"self":[{"href":"https:\/\/smartcity.bamberg.de\/en\/wp-json\/wp\/v2\/events\/6042","targetHints":{"allow":["GET"]}}],"collection":[{"href":"https:\/\/smartcity.bamberg.de\/en\/wp-json\/wp\/v2\/events"}],"about":[{"href":"https:\/\/smartcity.bamberg.de\/en\/wp-json\/wp\/v2\/types\/events"}],"version-history":[{"count":3,"href":"https:\/\/smartcity.bamberg.de\/en\/wp-json\/wp\/v2\/events\/6042\/revisions"}],"predecessor-version":[{"id":6051,"href":"https:\/\/smartcity.bamberg.de\/en\/wp-json\/wp\/v2\/events\/6042\/revisions\/6051"}],"wp:featuredmedia":[{"embeddable":true,"href":"https:\/\/smartcity.bamberg.de\/en\/wp-json\/wp\/v2\/media\/6038"}],"wp:attachment":[{"href":"https:\/\/smartcity.bamberg.de\/en\/wp-json\/wp\/v2\/media?parent=6042"}],"wp:term":[{"taxonomy":"category","embeddable":true,"href":"https:\/\/smartcity.bamberg.de\/en\/wp-json\/wp\/v2\/categories?post=6042"}],"curies":[{"name":"wp","href":"https:\/\/api.w.org\/{rel}","templated":true}]}}

<section class="container-fluid bg-white px-0 pt-5 pt-md-5">
                    <div class="container px-3">
<p>Für das verbleibende Jahr stehen gleich vier Stammtische an, wie immer mittags und abends im Wechsel. Wir greifen zudem eine Idee wieder auf, zu Beginn des Stammtischs einen kleinen fünf- bis zehnminütigen Input zu Smart City Themen zu geben. Danach ist wie immer Zeit für einen freien Austausch und Fragen zu unseren Projekten und anderen digitalen Themen.</p>
</div>
                </section>

<section class="container-fluid bg-white px-0 pt-5 pt-md-5">
                    <div class="container px-3">
<p>Am <strong>29.10.2025</strong> geht es <strong>ab 17.30 Uhr</strong> im <a href="https://bamberg.aposto.eu/" target="_blank" rel="noreferrer noopener">Aposto (Geyerswörthstraße 5a)</a> darum, wie die Smart City Anwendung Bamberg-miteinander die Arbeit von Vereinen, Initiativen und anderen Verbünden digital unterstützen kann. Unser Kollege Steve Henschel, Projektmanager von Bamberg-miteinander, wird das Projekt und seine Funktionsweise vorstellen und freut sich auf den Austausch mit Interessierten.</p>
</div>
                </section>

<section class="container-fluid bg-white px-0 pt-5 pt-md-5">
                    <div class="container px-3">
<p>Eine Anmeldung ist nicht nötig &#8211; wir freuen uns, wenn ihr kommt!</p>
</div>
                </section>
