{"id":6175,"date":"2025-10-17T09:09:06","date_gmt":"2025-10-17T07:09:06","guid":{"rendered":"https:\/\/smartcity.bamberg.de\/veranstaltungen\/"},"modified":"2025-10-17T09:29:05","modified_gmt":"2025-10-17T07:29:05","slug":"digitale-transformation-anpassung-und-neuausrichtung-der-arbeitswelt","status":"publish","type":"events","link":"https:\/\/smartcity.bamberg.de\/en\/veranstaltungen\/digitale-transformation-anpassung-und-neuausrichtung-der-arbeitswelt\/","title":{"rendered":"Digitale Transformation: Anpassung und Neuausrichtung der Arbeitswelt"},"content":{"rendered":"<section class=\"container-fluid bg-white px-0 pt-5 pt-md-5\">\n                    <div class=\"container px-3\">\n<p>Die digitale Revolution ver\u00e4ndert unsere Arbeitswelt grundlegend. Die Podiumsdiskussion &#8220;Digitale Transformation: Anpassung und Neuausrichtung der Arbeitswelt&#8221; beleuchtet, wie Unternehmen und Arbeitnehmer:innen diesen Wandel aktiv gestalten und bew\u00e4ltigen k\u00f6nnen. Wie k\u00f6nnen Unternehmen ihre Mitarbeitenden auf die Anforderungen der digitalen Transformation vorbereiten? Welche Strategien f\u00f6rdern das Reskilling und Upskilling der Belegschaft? Wie kann die Zusammenarbeit zwischen Unternehmen, Bildungseinrichtungen und Stadtverwaltung die digitale Transformation unterst\u00fctzen? Erfahren Sie mehr zu diesem Thema beim Smart Talk!<\/p>\n<\/div>\n                <\/section>\n\n\n<hr class=\"wp-block-separator has-alpha-channel-opacity\"\/>\n\n\n<section class=\"container-fluid bg-white px-0 pt-5 pt-md-5\">\n                    <div class=\"container px-3\">\n<p>Gemeinsam mit der VHS Bamberg Stadt und dem Smart City Research Lab der Universit\u00e4t Bamberg besteht die Veranstaltungsreihe Smart City Forum. Dabei gibt es entweder einen<strong> Smart Talk<\/strong> oder eine <strong>Vorlesung der Uni <\/strong>zum Thema Smart City. Die Veranstaltungen werden online gestreamt oder finden in Pr\u00e4senz statt. F\u00fcr das Wintersemester 2024\/25 sind drei Smart Talks geplant. Die Ringvorlesung der Uni Bamberg pausiert in diesem Semester. Wo m\u00f6glich werden die Inputs zur sp\u00e4teren Ver\u00f6ffentlichung aufgezeichnet.<\/p>\n<\/div>\n                <\/section>\n\n\n<hr class=\"wp-block-separator has-alpha-channel-opacity\"\/>\n\n\n<section class=\"container-fluid bg-white px-0 pt-5 pt-md-5\">\n                    <div class=\"container px-3\">\n<p class=\"has-medium-font-size\"><strong>Das waren die bisherigen Smart Talks:<\/strong><\/p>\n<\/div>\n                <\/section>\n\n<section class=\"container-fluid bg-white px-0 pt-5 pt-md-5\">\n                    <div class=\"container px-3\">\n<p class=\"has-medium-font-size\"><a href=\"https:\/\/www.youtube.com\/watch?v=zhPqcBJPlh4&amp;list=PLqxmmgdHxHe8UYchE9nLL412OWoCLl_wd\">Zu den Aufzeichnungen<\/a>!<\/p>\n<\/div>\n                <\/section>\n\n<section class=\"container-fluid bg-white p-0 pt-5 pt-md-5\">\n                    <div class=\"container p-5 p-3 pb-0\">\n<h2 class=\"wp-block-heading has-medium-font-size\" class=\"mb-0\">Ringvorlesung verpasst?<\/h2>\n<\/div>\n                <\/section>\n\n<section class=\"container-fluid bg-white px-0 pt-5 pt-md-5\">\n                    <div class=\"container px-3\">\n<p>Alle Ringvorlesungen des Smart City Forums gibt es hier zum Nachschauen:<\/p>\n<\/div>\n                <\/section>\n\n<section class=\"container-fluid bg-white px-0 pt-5 pt-md-5\">\n                    <div class=\"container px-3\">\n<p class=\"has-medium-font-size\"><a href=\"https:\/\/vc.uni-bamberg.de\/course\/view.php?id=51675\">https:\/\/vc.uni-bamberg.de\/course\/view.php?id=51675<\/a><\/p>\n<\/div>\n                <\/section>","protected":false},"excerpt":{"rendered":"<p>Smart Talk: Digitale Transformation: Anpassung und Neuausrichtung der Arbeitswelt<\/p>\n","protected":false},"featured_media":6177,"template":"","meta":{"_acf_changed":false,"footnotes":""},"categories":[150],"class_list":["post-6175","events","type-events","status-publish","has-post-thumbnail","hentry","category-veranstaltungen"],"acf":[],"_links":{"self":[{"href":"https:\/\/smartcity.bamberg.de\/en\/wp-json\/wp\/v2\/events\/6175","targetHints":{"allow":["GET"]}}],"collection":[{"href":"https:\/\/smartcity.bamberg.de\/en\/wp-json\/wp\/v2\/events"}],"about":[{"href":"https:\/\/smartcity.bamberg.de\/en\/wp-json\/wp\/v2\/types\/events"}],"version-history":[{"count":3,"href":"https:\/\/smartcity.bamberg.de\/en\/wp-json\/wp\/v2\/events\/6175\/revisions"}],"predecessor-version":[{"id":7060,"href":"https:\/\/smartcity.bamberg.de\/en\/wp-json\/wp\/v2\/events\/6175\/revisions\/7060"}],"wp:featuredmedia":[{"embeddable":true,"href":"https:\/\/smartcity.bamberg.de\/en\/wp-json\/wp\/v2\/media\/6177"}],"wp:attachment":[{"href":"https:\/\/smartcity.bamberg.de\/en\/wp-json\/wp\/v2\/media?parent=6175"}],"wp:term":[{"taxonomy":"category","embeddable":true,"href":"https:\/\/smartcity.bamberg.de\/en\/wp-json\/wp\/v2\/categories?post=6175"}],"curies":[{"name":"wp","href":"https:\/\/api.w.org\/{rel}","templated":true}]}}

<section class="container-fluid bg-white px-0 pt-5 pt-md-5">
                    <div class="container px-3">
<p>Die digitale Revolution verändert unsere Arbeitswelt grundlegend. Die Podiumsdiskussion &#8220;Digitale Transformation: Anpassung und Neuausrichtung der Arbeitswelt&#8221; beleuchtet, wie Unternehmen und Arbeitnehmer:innen diesen Wandel aktiv gestalten und bewältigen können. Wie können Unternehmen ihre Mitarbeitenden auf die Anforderungen der digitalen Transformation vorbereiten? Welche Strategien fördern das Reskilling und Upskilling der Belegschaft? Wie kann die Zusammenarbeit zwischen Unternehmen, Bildungseinrichtungen und Stadtverwaltung die digitale Transformation unterstützen? Erfahren Sie mehr zu diesem Thema beim Smart Talk!</p>
</div>
                </section>


<hr class="wp-block-separator has-alpha-channel-opacity"/>


<section class="container-fluid bg-white px-0 pt-5 pt-md-5">
                    <div class="container px-3">
<p>Gemeinsam mit der VHS Bamberg Stadt und dem Smart City Research Lab der Universität Bamberg besteht die Veranstaltungsreihe Smart City Forum. Dabei gibt es entweder einen<strong> Smart Talk</strong> oder eine <strong>Vorlesung der Uni </strong>zum Thema Smart City. Die Veranstaltungen werden online gestreamt oder finden in Präsenz statt. Für das Wintersemester 2024/25 sind drei Smart Talks geplant. Die Ringvorlesung der Uni Bamberg pausiert in diesem Semester. Wo möglich werden die Inputs zur späteren Veröffentlichung aufgezeichnet.</p>
</div>
                </section>


<hr class="wp-block-separator has-alpha-channel-opacity"/>


<section class="container-fluid bg-white px-0 pt-5 pt-md-5">
                    <div class="container px-3">
<p class="has-medium-font-size"><strong>Das waren die bisherigen Smart Talks:</strong></p>
</div>
                </section>

<section class="container-fluid bg-white px-0 pt-5 pt-md-5">
                    <div class="container px-3">
<p class="has-medium-font-size"><a href="https://www.youtube.com/watch?v=zhPqcBJPlh4&amp;list=PLqxmmgdHxHe8UYchE9nLL412OWoCLl_wd">Zu den Aufzeichnungen</a>!</p>
</div>
                </section>

<section class="container-fluid bg-white p-0 pt-5 pt-md-5">
                    <div class="container p-5 p-3 pb-0">
<h2 class="wp-block-heading has-medium-font-size" class="mb-0">Ringvorlesung verpasst?</h2>
</div>
                </section>

<section class="container-fluid bg-white px-0 pt-5 pt-md-5">
                    <div class="container px-3">
<p>Alle Ringvorlesungen des Smart City Forums gibt es hier zum Nachschauen:</p>
</div>
                </section>

<section class="container-fluid bg-white px-0 pt-5 pt-md-5">
                    <div class="container px-3">
<p class="has-medium-font-size"><a href="https://vc.uni-bamberg.de/course/view.php?id=51675">https://vc.uni-bamberg.de/course/view.php?id=51675</a></p>
</div>
                </section>
