{"id":6181,"date":"2025-10-17T09:16:26","date_gmt":"2025-10-17T07:16:26","guid":{"rendered":"https:\/\/smartcity.bamberg.de\/veranstaltungen\/"},"modified":"2025-10-17T09:28:56","modified_gmt":"2025-10-17T07:28:56","slug":"smart-city-und-smart-regions-zukunftsvisionen-im-vergleich","status":"publish","type":"events","link":"https:\/\/smartcity.bamberg.de\/en\/veranstaltungen\/smart-city-und-smart-regions-zukunftsvisionen-im-vergleich\/","title":{"rendered":"Smart City und Smart Regions: Zukunftsvisionen im Vergleich"},"content":{"rendered":"<section class=\"container-fluid bg-white px-0 pt-5 pt-md-5\">\n                    <div class=\"container px-3\">\n<p>Smarte St\u00e4dte und Regionen bieten in unserer immer st\u00e4rker vernetzten Welt innovative L\u00f6sungen f\u00fcr die Lebensqualit\u00e4t, Nachhaltigkeit und Effizienz. Doch w\u00e4hrend sowohl Stadt als auch Land von technischen Fortschritten profitieren k\u00f6nnen, stehen sie vor unterschiedlichen Bedingungen und diversen lokalen Problemstellungen. Die Podiumsdiskussion <em>Smart City vs. Smart Regions: Zukunftsvisionen im Vergleich<\/em> beleuchtet diese Unterschiede und er\u00f6rtert, wie St\u00e4dte und l\u00e4ndliche Regionen ihre spezifischen Herausforderungen mit Hilfe der Digitalisierung meistern k\u00f6nnen. Welche Zukunftsvisionen und langfristigen Ziele haben Smart Cities und Smart Regions? Wie k\u00f6nnen St\u00e4dte und Regionen voneinander lernen? Wie kann eine Zusammenarbeit funktionieren, um gemeinsam smart zu werden und digitale Projekte umzusetzen? Unsere Expertinnen und Experten berichten von ihren Erfahrungen und neuesten Erkenntnissen.<\/p>\n<\/div>\n                <\/section>\n\n\n<hr class=\"wp-block-separator has-alpha-channel-opacity\"\/>\n\n\n<section class=\"container-fluid bg-white px-0 pt-5 pt-md-5\">\n                    <div class=\"container px-3\">\n<p>Gemeinsam mit der VHS Bamberg Stadt und dem Smart City Research Lab der Universit\u00e4t Bamberg besteht die Veranstaltungsreihe Smart City Forum. Dabei gibt es entweder einen<strong> Smart Talk<\/strong> oder eine <strong>Vorlesung der Uni <\/strong>zum Thema Smart City. Die Veranstaltungen werden online gestreamt oder finden in Pr\u00e4senz statt. F\u00fcr das Wintersemester 2024\/25 sind drei Smart Talks geplant. Die Ringvorlesung der Uni Bamberg pausiert in diesem Semester. Wo m\u00f6glich werden die Inputs zur sp\u00e4teren Ver\u00f6ffentlichung aufgezeichnet.<\/p>\n<\/div>\n                <\/section>\n\n\n<hr class=\"wp-block-separator has-alpha-channel-opacity\"\/>\n\n\n<section class=\"container-fluid bg-white px-0 pt-5 pt-md-5\">\n                    <div class=\"container px-3\">\n<p class=\"has-medium-font-size\"><strong>Das waren die bisherigen Smart Talks:<\/strong><\/p>\n<\/div>\n                <\/section>\n\n<section class=\"container-fluid bg-white px-0 pt-5 pt-md-5\">\n                    <div class=\"container px-3\">\n<p class=\"has-medium-font-size\"><a href=\"https:\/\/www.youtube.com\/watch?v=zhPqcBJPlh4&amp;list=PLqxmmgdHxHe8UYchE9nLL412OWoCLl_wd\">Zu den Aufzeichnungen<\/a>!<\/p>\n<\/div>\n                <\/section>\n\n<section class=\"container-fluid bg-white p-0 pt-5 pt-md-5\">\n                    <div class=\"container p-5 p-3 pb-0\">\n<h2 class=\"wp-block-heading has-medium-font-size\" class=\"mb-0\">Ringvorlesung verpasst?<\/h2>\n<\/div>\n                <\/section>\n\n<section class=\"container-fluid bg-white px-0 pt-5 pt-md-5\">\n                    <div class=\"container px-3\">\n<p>Alle Ringvorlesungen des Smart City Forums gibt es hier zum Nachschauen:<\/p>\n<\/div>\n                <\/section>\n\n<section class=\"container-fluid bg-white px-0 pt-5 pt-md-5\">\n                    <div class=\"container px-3\">\n<p class=\"has-medium-font-size\"><a href=\"https:\/\/vc.uni-bamberg.de\/course\/view.php?id=51675\">https:\/\/vc.uni-bamberg.de\/course\/view.php?id=51675<\/a><\/p>\n<\/div>\n                <\/section>","protected":false},"excerpt":{"rendered":"<p>Smart Talk: Smart City und Smart Regions: Zukunftsvisionen im Vergleich<\/p>\n","protected":false},"featured_media":6182,"template":"","meta":{"_acf_changed":false,"footnotes":""},"categories":[150],"class_list":["post-6181","events","type-events","status-publish","has-post-thumbnail","hentry","category-veranstaltungen"],"acf":[],"_links":{"self":[{"href":"https:\/\/smartcity.bamberg.de\/en\/wp-json\/wp\/v2\/events\/6181","targetHints":{"allow":["GET"]}}],"collection":[{"href":"https:\/\/smartcity.bamberg.de\/en\/wp-json\/wp\/v2\/events"}],"about":[{"href":"https:\/\/smartcity.bamberg.de\/en\/wp-json\/wp\/v2\/types\/events"}],"version-history":[{"count":2,"href":"https:\/\/smartcity.bamberg.de\/en\/wp-json\/wp\/v2\/events\/6181\/revisions"}],"predecessor-version":[{"id":6186,"href":"https:\/\/smartcity.bamberg.de\/en\/wp-json\/wp\/v2\/events\/6181\/revisions\/6186"}],"wp:featuredmedia":[{"embeddable":true,"href":"https:\/\/smartcity.bamberg.de\/en\/wp-json\/wp\/v2\/media\/6182"}],"wp:attachment":[{"href":"https:\/\/smartcity.bamberg.de\/en\/wp-json\/wp\/v2\/media?parent=6181"}],"wp:term":[{"taxonomy":"category","embeddable":true,"href":"https:\/\/smartcity.bamberg.de\/en\/wp-json\/wp\/v2\/categories?post=6181"}],"curies":[{"name":"wp","href":"https:\/\/api.w.org\/{rel}","templated":true}]}}

<section class="container-fluid bg-white px-0 pt-5 pt-md-5">
                    <div class="container px-3">
<p>Smarte Städte und Regionen bieten in unserer immer stärker vernetzten Welt innovative Lösungen für die Lebensqualität, Nachhaltigkeit und Effizienz. Doch während sowohl Stadt als auch Land von technischen Fortschritten profitieren können, stehen sie vor unterschiedlichen Bedingungen und diversen lokalen Problemstellungen. Die Podiumsdiskussion <em>Smart City vs. Smart Regions: Zukunftsvisionen im Vergleich</em> beleuchtet diese Unterschiede und erörtert, wie Städte und ländliche Regionen ihre spezifischen Herausforderungen mit Hilfe der Digitalisierung meistern können. Welche Zukunftsvisionen und langfristigen Ziele haben Smart Cities und Smart Regions? Wie können Städte und Regionen voneinander lernen? Wie kann eine Zusammenarbeit funktionieren, um gemeinsam smart zu werden und digitale Projekte umzusetzen? Unsere Expertinnen und Experten berichten von ihren Erfahrungen und neuesten Erkenntnissen.</p>
</div>
                </section>


<hr class="wp-block-separator has-alpha-channel-opacity"/>


<section class="container-fluid bg-white px-0 pt-5 pt-md-5">
                    <div class="container px-3">
<p>Gemeinsam mit der VHS Bamberg Stadt und dem Smart City Research Lab der Universität Bamberg besteht die Veranstaltungsreihe Smart City Forum. Dabei gibt es entweder einen<strong> Smart Talk</strong> oder eine <strong>Vorlesung der Uni </strong>zum Thema Smart City. Die Veranstaltungen werden online gestreamt oder finden in Präsenz statt. Für das Wintersemester 2024/25 sind drei Smart Talks geplant. Die Ringvorlesung der Uni Bamberg pausiert in diesem Semester. Wo möglich werden die Inputs zur späteren Veröffentlichung aufgezeichnet.</p>
</div>
                </section>


<hr class="wp-block-separator has-alpha-channel-opacity"/>


<section class="container-fluid bg-white px-0 pt-5 pt-md-5">
                    <div class="container px-3">
<p class="has-medium-font-size"><strong>Das waren die bisherigen Smart Talks:</strong></p>
</div>
                </section>

<section class="container-fluid bg-white px-0 pt-5 pt-md-5">
                    <div class="container px-3">
<p class="has-medium-font-size"><a href="https://www.youtube.com/watch?v=zhPqcBJPlh4&amp;list=PLqxmmgdHxHe8UYchE9nLL412OWoCLl_wd">Zu den Aufzeichnungen</a>!</p>
</div>
                </section>

<section class="container-fluid bg-white p-0 pt-5 pt-md-5">
                    <div class="container p-5 p-3 pb-0">
<h2 class="wp-block-heading has-medium-font-size" class="mb-0">Ringvorlesung verpasst?</h2>
</div>
                </section>

<section class="container-fluid bg-white px-0 pt-5 pt-md-5">
                    <div class="container px-3">
<p>Alle Ringvorlesungen des Smart City Forums gibt es hier zum Nachschauen:</p>
</div>
                </section>

<section class="container-fluid bg-white px-0 pt-5 pt-md-5">
                    <div class="container px-3">
<p class="has-medium-font-size"><a href="https://vc.uni-bamberg.de/course/view.php?id=51675">https://vc.uni-bamberg.de/course/view.php?id=51675</a></p>
</div>
                </section>
