{"id":5858,"date":"2024-07-10T22:00:00","date_gmt":"2024-07-10T20:00:00","guid":{"rendered":"https:\/\/smartcity.bamberg.de\/veranstaltungen\/bamberg-digital\/"},"modified":"2025-09-29T18:29:29","modified_gmt":"2025-09-29T16:29:29","slug":"bamberg-digital","status":"publish","type":"events","link":"https:\/\/smartcity.bamberg.de\/les\/veranstaltungen\/bamberg-digital\/","title":{"rendered":"Bamberg Digital"},"content":{"rendered":"\n<figure class=\"wp-block-pullquote has-medium-font-size\" style=\"border-style:none;border-width:0px\"><blockquote><p><strong>Am 12. Juli 2024 wollen wir gemeinsam erfahren, <\/strong><br><strong>was es in Bamberg alles Digitales zu entdecken gibt!<\/strong><\/p><cite>Daf\u00fcr laden wir zu einem bunten Digitaltag in den Stadt:Raum ein!<\/cite><\/blockquote><\/figure>\n\n\n\n<!--more-->\n\n\n<section class=\"container-fluid bg-white px-0 pt-5 pt-md-5\">\n                    <div class=\"container px-3\">\n<p><\/p>\n<\/div>\n                <\/section>\n\n<section class=\"container-fluid bg-white px-0 pt-5 pt-md-5\">\n                    <div class=\"container px-3\">\n<p>  <strong>Achtung Plan\u00e4nderung<\/strong>  <br><strong>Weil leider f\u00fcr den 12.07. Regen angesagt ist, wird Bamberg Digital nicht an der N\u00f6rdlichen Promenade stattfinden, daf\u00fcr aber um die Ecke in unserem neuen Stadt:Raum, direkt am ZOB! <br>Wir freuen uns trotzdem auf einen tollen Nachmittag mit buntem Programm und vielen Angeboten!<br>Da das Wetter am Abend besser sein soll, wird der Poetry Slam aber wie angesagt an der N\u00f6rdlichen Promenade stattfinden.<\/strong><br><\/p>\n<\/div>\n                <\/section>\n\n<section class=\"container-fluid bg-white px-0 pt-5 pt-md-5\">\n                    <div class=\"container px-3\">\n<p><\/p>\n<\/div>\n                <\/section>\n\n<section class=\"container-fluid bg-white px-0 pt-5 pt-md-5\">\n                    <div class=\"container px-3\">\n<p><\/p>\n<\/div>\n                <\/section>\n\n<section class=\"container-fluid bg-white px-0 pt-5 pt-md-5\">\n                    <div class=\"container px-3\">\n<p>Beim <strong>Markt der M\u00f6glichkeiten<\/strong> werden sich von 13 bis 17 Uhr digitale Unternehmen und Insitutionen aus Bamberg vorstellen. Bei den St\u00e4nden von <em>Neo Bamberg, Backspace e.V., Lagarde1<\/em> und dem <em>Smart City Research Lab<\/em> gibt es viel zu lernen und auszuprobieren. Auch das <em>KAB-Medienmobil <\/em>wird sein Angebot vorstellen und nat\u00fcrlich k\u00f6nnen auch die Projekte von <em>Smart City Bamberg<\/em> hautnah erlebt und mitgestaltet werden. Um den Digitalen Zwilling der Stadt genauestens betrachten zu k\u00f6nnen ist der neue <strong>&#8220;Stadt:Raum&#8221;<\/strong> erstmals ge\u00f6ffnet (Promenadestr. 6a, direkt am ZOB).<br><\/p>\n<\/div>\n                <\/section>\n\n<section class=\"container-fluid bg-white px-0 pt-5 pt-md-5\">\n                    <div class=\"container px-3\">\n<p>Der Tag wird mit einem <strong>Poetry Slam<\/strong> um 19 Uhr abgerundet, bei dem sich nat\u00fcrlich auch alle Texte rund um das Thema Digitalisierung drehen. Der Eintritt zu diesem ganz besonderen Open Air Poetry Slam ist frei! <br><sub>Da nur begrenzt B\u00e4nke und St\u00fchle zur Verf\u00fcgung stehen kann jeder der mag gerne selbst Hocker, Klappst\u00fchle oder andere Sitzgelegenheiten mitbringen.<\/sub><\/p>\n<\/div>\n                <\/section>\n\n<section class=\"container-fluid bg-white px-0 pt-5 pt-md-5\">\n                    <div class=\"container px-3\">\n<p><\/p>\n<\/div>\n                <\/section>\n\n<section class=\"container-fluid bg-white px-0 pt-5 pt-md-5\">\n                    <div class=\"container px-3\">\n<p class=\"has-medium-font-size\">Wir freuen uns auf diesen besonderen Tag!<\/p>\n<\/div>\n                <\/section>\n\n<section class=\"container-fluid bg-white px-0 pt-5 pt-md-5\">\n                    <div class=\"container px-3\">\n<p><\/p>\n<\/div>\n                <\/section>\n\n\n<figure class=\"wp-block-image size-large\"><img decoding=\"async\" src=\"https:\/\/smartcity.bamberg.de\/wp-content\/uploads\/2024\/06\/1-1-1024x615.png\" alt=\"\" class=\"wp-image-2616\"\/><\/figure>\n\n\n<section class=\"container-fluid bg-white px-0 pt-5 pt-md-5\">\n                    <div class=\"container px-3\">\n<p><\/p>\n<\/div>\n                <\/section>\n\n<section class=\"container-fluid bg-white px-0 pt-5 pt-md-5\">\n                    <div class=\"container px-3\">\n<p><\/p>\n<\/div>\n                <\/section>\n\n\n<figure class=\"wp-block-image size-large\"><img decoding=\"async\" src=\"https:\/\/smartcity.bamberg.de\/wp-content\/uploads\/2024\/06\/Bamberg-Digital-WebseiteInsta-1080-x-800-px-1024x759.png\" alt=\"\" class=\"wp-image-2617\"\/><\/figure>\n\n\n\n<div class=\"wp-block-columns is-layout-flex wp-container-core-columns-is-layout-9d6595d7 wp-block-columns-is-layout-flex\">\n<div class=\"wp-block-column is-layout-flow wp-block-column-is-layout-flow\"><section class=\"container-fluid bg-white p-0 pt-5 pt-md-5\">\n                    <div class=\"container p-5 p-3 pb-0\">\n<h2 class=\"wp-block-heading\" class=\"mb-0\">13:00-17:00 Uhr:<\/h2>\n<\/div>\n                <\/section>\n\n<section class=\"container-fluid bg-white px-0 pt-5 pt-md-5\">\n                    <div class=\"container px-3\">\n<p>Stadt:Raum, Promenadestr. 6a<\/p>\n<\/div>\n                <\/section>\n\n<section class=\"container-fluid bg-white px-0 pt-5 pt-md-5\">\n                    <div class=\"container px-3\">\n<p>Bunter Markt mit St\u00e4nden von:<\/p>\n<\/div>\n                <\/section>\n\n\n<ul class=\"wp-block-list\">\n<li>Smart City Bamberg<\/li>\n\n\n\n<li>Smart City Research Lab (Uni Bamberg)<\/li>\n\n\n\n<li>Lagarde1<\/li>\n\n\n\n<li>Neo Bamberg<\/li>\n\n\n\n<li>Backspace e.V.<\/li>\n\n\n\n<li>KAB-Medienmobil<\/li>\n<\/ul>\n<\/div>\n\n\n\n<div class=\"wp-block-column is-layout-flow wp-block-column-is-layout-flow\"><section class=\"container-fluid bg-white p-0 pt-5 pt-md-5\">\n                    <div class=\"container p-5 p-3 pb-0\">\n<h2 class=\"wp-block-heading\" class=\"mb-0\">19:00-21:00:<\/h2>\n<\/div>\n                <\/section>\n\n<section class=\"container-fluid bg-white px-0 pt-5 pt-md-5\">\n                    <div class=\"container px-3\">\n<p>N\u00f6rdliche Promenade<\/p>\n<\/div>\n                <\/section>\n\n<section class=\"container-fluid bg-white px-0 pt-5 pt-md-5\">\n                    <div class=\"container px-3\">\n<p>Open Air Poetry Slam<\/p>\n<\/div>\n                <\/section>\n\n\n<ul class=\"wp-block-list\">\n<li>Eintritt frei!<\/li>\n\n\n\n<li>Thema: Digitalisierung<\/li>\n\n\n\n<li>Moderation: Christian Ritter<\/li>\n\n\n\n<li>Hinweis: Mitbringen von Sitzgelegenheiten erw\u00fcnscht<\/li>\n<\/ul>\n<\/div>\n<\/div>\n\n\n\n<style>\np.date {\n    display: none!important;\n}\n<\/style>\n\n\n<section class=\"container-fluid bg-white px-0 pt-5 pt-md-5\">\n                    <div class=\"container px-3\">\n<p><\/p>\n<\/div>\n                <\/section>","protected":false},"excerpt":{"rendered":"<p>Am 12. Juli 2024 wollen wir gemeinsam erfahren, was es in Bamberg alles Digitales zu entdecken gibt! Daf\u00fcr laden wir zu einem bunten Digitaltag in den Stadt:Raum ein!<\/p>\n","protected":false},"featured_media":1951,"template":"","meta":{"_acf_changed":false,"footnotes":""},"categories":[150],"class_list":["post-5858","events","type-events","status-publish","has-post-thumbnail","hentry","category-veranstaltungen"],"acf":[],"_links":{"self":[{"href":"https:\/\/smartcity.bamberg.de\/les\/wp-json\/wp\/v2\/events\/5858","targetHints":{"allow":["GET"]}}],"collection":[{"href":"https:\/\/smartcity.bamberg.de\/les\/wp-json\/wp\/v2\/events"}],"about":[{"href":"https:\/\/smartcity.bamberg.de\/les\/wp-json\/wp\/v2\/types\/events"}],"version-history":[{"count":1,"href":"https:\/\/smartcity.bamberg.de\/les\/wp-json\/wp\/v2\/events\/5858\/revisions"}],"predecessor-version":[{"id":5952,"href":"https:\/\/smartcity.bamberg.de\/les\/wp-json\/wp\/v2\/events\/5858\/revisions\/5952"}],"wp:featuredmedia":[{"embeddable":true,"href":"https:\/\/smartcity.bamberg.de\/les\/wp-json\/wp\/v2\/media\/1951"}],"wp:attachment":[{"href":"https:\/\/smartcity.bamberg.de\/les\/wp-json\/wp\/v2\/media?parent=5858"}],"wp:term":[{"taxonomy":"category","embeddable":true,"href":"https:\/\/smartcity.bamberg.de\/les\/wp-json\/wp\/v2\/categories?post=5858"}],"curies":[{"name":"wp","href":"https:\/\/api.w.org\/{rel}","templated":true}]}}

<figure class="wp-block-pullquote has-medium-font-size" style="border-style:none;border-width:0px"><blockquote><p><strong>Am 12. Juli 2024 wollen wir gemeinsam erfahren, </strong><br><strong>was es in Bamberg alles Digitales zu entdecken gibt!</strong></p><cite>Dafür laden wir zu einem bunten Digitaltag in den Stadt:Raum ein!</cite></blockquote></figure>



<!--more-->


<section class="container-fluid bg-white px-0 pt-5 pt-md-5">
                    <div class="container px-3">
<p></p>
</div>
                </section>

<section class="container-fluid bg-white px-0 pt-5 pt-md-5">
                    <div class="container px-3">
<p>  <strong>Achtung Planänderung</strong>  <br><strong>Weil leider für den 12.07. Regen angesagt ist, wird Bamberg Digital nicht an der Nördlichen Promenade stattfinden, dafür aber um die Ecke in unserem neuen Stadt:Raum, direkt am ZOB! <br>Wir freuen uns trotzdem auf einen tollen Nachmittag mit buntem Programm und vielen Angeboten!<br>Da das Wetter am Abend besser sein soll, wird der Poetry Slam aber wie angesagt an der Nördlichen Promenade stattfinden.</strong><br></p>
</div>
                </section>

<section class="container-fluid bg-white px-0 pt-5 pt-md-5">
                    <div class="container px-3">
<p></p>
</div>
                </section>

<section class="container-fluid bg-white px-0 pt-5 pt-md-5">
                    <div class="container px-3">
<p></p>
</div>
                </section>

<section class="container-fluid bg-white px-0 pt-5 pt-md-5">
                    <div class="container px-3">
<p>Beim <strong>Markt der Möglichkeiten</strong> werden sich von 13 bis 17 Uhr digitale Unternehmen und Insitutionen aus Bamberg vorstellen. Bei den Ständen von <em>Neo Bamberg, Backspace e.V., Lagarde1</em> und dem <em>Smart City Research Lab</em> gibt es viel zu lernen und auszuprobieren. Auch das <em>KAB-Medienmobil </em>wird sein Angebot vorstellen und natürlich können auch die Projekte von <em>Smart City Bamberg</em> hautnah erlebt und mitgestaltet werden. Um den Digitalen Zwilling der Stadt genauestens betrachten zu können ist der neue <strong>&#8220;Stadt:Raum&#8221;</strong> erstmals geöffnet (Promenadestr. 6a, direkt am ZOB).<br></p>
</div>
                </section>

<section class="container-fluid bg-white px-0 pt-5 pt-md-5">
                    <div class="container px-3">
<p>Der Tag wird mit einem <strong>Poetry Slam</strong> um 19 Uhr abgerundet, bei dem sich natürlich auch alle Texte rund um das Thema Digitalisierung drehen. Der Eintritt zu diesem ganz besonderen Open Air Poetry Slam ist frei! <br><sub>Da nur begrenzt Bänke und Stühle zur Verfügung stehen kann jeder der mag gerne selbst Hocker, Klappstühle oder andere Sitzgelegenheiten mitbringen.</sub></p>
</div>
                </section>

<section class="container-fluid bg-white px-0 pt-5 pt-md-5">
                    <div class="container px-3">
<p></p>
</div>
                </section>

<section class="container-fluid bg-white px-0 pt-5 pt-md-5">
                    <div class="container px-3">
<p class="has-medium-font-size">Wir freuen uns auf diesen besonderen Tag!</p>
</div>
                </section>

<section class="container-fluid bg-white px-0 pt-5 pt-md-5">
                    <div class="container px-3">
<p></p>
</div>
                </section>


<figure class="wp-block-image size-large"><img decoding="async" src="https://smartcity.bamberg.de/wp-content/uploads/2024/06/1-1-1024x615.png" alt="" class="wp-image-2616"/></figure>


<section class="container-fluid bg-white px-0 pt-5 pt-md-5">
                    <div class="container px-3">
<p></p>
</div>
                </section>

<section class="container-fluid bg-white px-0 pt-5 pt-md-5">
                    <div class="container px-3">
<p></p>
</div>
                </section>


<figure class="wp-block-image size-large"><img decoding="async" src="https://smartcity.bamberg.de/wp-content/uploads/2024/06/Bamberg-Digital-WebseiteInsta-1080-x-800-px-1024x759.png" alt="" class="wp-image-2617"/></figure>



<div class="wp-block-columns is-layout-flex wp-container-core-columns-is-layout-9d6595d7 wp-block-columns-is-layout-flex">
<div class="wp-block-column is-layout-flow wp-block-column-is-layout-flow"><section class="container-fluid bg-white p-0 pt-5 pt-md-5">
                    <div class="container p-5 p-3 pb-0">
<h2 class="wp-block-heading" class="mb-0">13:00-17:00 Uhr:</h2>
</div>
                </section>

<section class="container-fluid bg-white px-0 pt-5 pt-md-5">
                    <div class="container px-3">
<p>Stadt:Raum, Promenadestr. 6a</p>
</div>
                </section>

<section class="container-fluid bg-white px-0 pt-5 pt-md-5">
                    <div class="container px-3">
<p>Bunter Markt mit Ständen von:</p>
</div>
                </section>


<ul class="wp-block-list">
<li>Smart City Bamberg</li>



<li>Smart City Research Lab (Uni Bamberg)</li>



<li>Lagarde1</li>



<li>Neo Bamberg</li>



<li>Backspace e.V.</li>



<li>KAB-Medienmobil</li>
</ul>
</div>



<div class="wp-block-column is-layout-flow wp-block-column-is-layout-flow"><section class="container-fluid bg-white p-0 pt-5 pt-md-5">
                    <div class="container p-5 p-3 pb-0">
<h2 class="wp-block-heading" class="mb-0">19:00-21:00:</h2>
</div>
                </section>

<section class="container-fluid bg-white px-0 pt-5 pt-md-5">
                    <div class="container px-3">
<p>Nördliche Promenade</p>
</div>
                </section>

<section class="container-fluid bg-white px-0 pt-5 pt-md-5">
                    <div class="container px-3">
<p>Open Air Poetry Slam</p>
</div>
                </section>


<ul class="wp-block-list">
<li>Eintritt frei!</li>



<li>Thema: Digitalisierung</li>



<li>Moderation: Christian Ritter</li>



<li>Hinweis: Mitbringen von Sitzgelegenheiten erwünscht</li>
</ul>
</div>
</div>



<style>
p.date {
    display: none!important;
}
</style>


<section class="container-fluid bg-white px-0 pt-5 pt-md-5">
                    <div class="container px-3">
<p></p>
</div>
                </section>

<p>Am 12. Juli 2024 wollen wir gemeinsam erfahren, was es in Bamberg alles Digitales zu entdecken gibt! Dafür laden wir zu einem bunten Digitaltag in den Stadt:Raum ein!</p>
