{"id":5873,"date":"2025-06-12T12:10:00","date_gmt":"2025-06-12T10:10:00","guid":{"rendered":"https:\/\/smartcity.bamberg.de\/veranstaltungen\/digitale-un-abhaengigkeit-auswirkungen-der-digitalisierung-auf-unser-leben\/"},"modified":"2025-10-17T09:30:48","modified_gmt":"2025-10-17T07:30:48","slug":"digitale-un-abhaengigkeit-auswirkungen-der-digitalisierung-auf-unser-leben","status":"publish","type":"events","link":"https:\/\/smartcity.bamberg.de\/les\/veranstaltungen\/digitale-un-abhaengigkeit-auswirkungen-der-digitalisierung-auf-unser-leben\/","title":{"rendered":"Digitale (Un-)Abh\u00e4ngigkeit \u2013 Auswirkungen der Digitalisierung auf unser Leben"},"content":{"rendered":"<section class=\"container-fluid bg-white px-0 pt-5 pt-md-5\">\n                    <div class=\"container px-3\">\n<p><strong>Bei unseren Smart Talks geht es oft darum, die Vorteile und den Mehrwert der digitalen Transformation darzustellen. Beim n\u00e4chsten Mal soll allerdings ein kritischer Blick darauf geworfen werden, was der t\u00e4gliche Umgang mit Handy, Social Media und digitaler Bespa\u00dfung mit uns macht.  Der Smart Talk findet am Donnerstag, den 26.06.2025 im Rahmen der Smarten Woche Bamberg-Ost statt.<\/strong><\/p>\n<\/div>\n                <\/section>\n\n\n<!--more-->\n\n\n<section class=\"container-fluid bg-white px-0 pt-5 pt-md-5\">\n                    <div class=\"container px-3\">\n<p>Mit unseren Podiumsg\u00e4sten wollen wir uns fragen: Wie beeinflusst ein starker Konsum digitaler Medien das pers\u00f6nliche Wohlbefinden und insbesondere die Entwicklung von Kindern und Jugendlichen? Was macht er mit dem sozialen Gef\u00fcge in unserer Gesellschaft, und welche Rolle spielen Einsamkeit und Gemeinschaft in einer zunehmend digitalen Welt? Welche Strategien k\u00f6nnen helfen, einen gesunden Umgang mit digitalen Medien zu f\u00f6rdern?<\/p>\n<\/div>\n                <\/section>\n\n<section class=\"container-fluid bg-white px-0 pt-5 pt-md-5\">\n                    <div class=\"container px-3\">\n<p>Mit dabei ist Carla Holtgrave, systemische Beraterin und Familientherapeutin bei der Suchtberatung Bamberg und Forchheim. Sie wird aus ihrer Arbeit als Suchtberaterin direkte Einblicke in m\u00f6gliche Konsequenzen exzessiver Mediennutzung geben. Erg\u00e4nzt werden diese Einblicke durch Erkenntnisse aus der Forschung, pr\u00e4sentiert von Christian Schicha. Als Professor f\u00fcr Medienethik an der Friedrich-Alexander-Universit\u00e4t Erlangen-N\u00fcrnberg betrachtet er gesellschaftliche Folgen intensiver Mediennutzung und macht Vorschl\u00e4ge, wie ein bewusster und verantwortungsvoller Umgang mit digitalen Medien aussehen kann. Nach der Podiumsdiskussion ist wie immer Zeit f\u00fcr Fragen und Anmerkungen aus dem Publikum!<\/p>\n<\/div>\n                <\/section>\n\n<section class=\"container-fluid bg-white px-0 pt-5 pt-md-5\">\n                    <div class=\"container px-3\">\n<p><strong>Der Smart Talk findet am 26.06.2026 von 18.15 bis 19.45 Uhr im Rahmen der Smarten Woche Bamberg-Ost im Stadtteilzentrum L\u00f6wenzahn (Katzheimerstr. 3, 96050 Bamberg) statt<\/strong>.<strong> <\/strong>Die Smarte Woche bietet von Montag bis Freitag viele spannende Veranstaltungen rund um Digitalisierung. Weitere Informationen finden Sie <a rel=\"noreferrer noopener\" href=\"https:\/\/smartcity.bamberg.de\/2025\/06\/03\/smarte-woche-bamberg-ost-23-27-juni-2025\/\" target=\"_blank\">hier<\/a>.<\/p>\n<\/div>\n                <\/section>\n\n<section class=\"container-fluid bg-white px-0 pt-5 pt-md-5\">\n                    <div class=\"container px-3\">\n<p>Alle Interessierten sind zu diesem Format herzlich eingeladen! Eine vorherige Anmeldung ist nicht n\u00f6tig.<\/p>\n<\/div>\n                <\/section>","protected":false},"excerpt":{"rendered":"<p>Smart Talk: Digitale (Un-)Abh\u00e4ngigkeit \u2013 Auswirkungen der Digitalisierung auf unser Leben<\/p>\n","protected":false},"featured_media":4438,"template":"","meta":{"_acf_changed":false,"footnotes":""},"categories":[150],"class_list":["post-5873","events","type-events","status-publish","has-post-thumbnail","hentry","category-veranstaltungen"],"acf":[],"_links":{"self":[{"href":"https:\/\/smartcity.bamberg.de\/les\/wp-json\/wp\/v2\/events\/5873","targetHints":{"allow":["GET"]}}],"collection":[{"href":"https:\/\/smartcity.bamberg.de\/les\/wp-json\/wp\/v2\/events"}],"about":[{"href":"https:\/\/smartcity.bamberg.de\/les\/wp-json\/wp\/v2\/types\/events"}],"version-history":[{"count":2,"href":"https:\/\/smartcity.bamberg.de\/les\/wp-json\/wp\/v2\/events\/5873\/revisions"}],"predecessor-version":[{"id":6061,"href":"https:\/\/smartcity.bamberg.de\/les\/wp-json\/wp\/v2\/events\/5873\/revisions\/6061"}],"wp:featuredmedia":[{"embeddable":true,"href":"https:\/\/smartcity.bamberg.de\/les\/wp-json\/wp\/v2\/media\/4438"}],"wp:attachment":[{"href":"https:\/\/smartcity.bamberg.de\/les\/wp-json\/wp\/v2\/media?parent=5873"}],"wp:term":[{"taxonomy":"category","embeddable":true,"href":"https:\/\/smartcity.bamberg.de\/les\/wp-json\/wp\/v2\/categories?post=5873"}],"curies":[{"name":"wp","href":"https:\/\/api.w.org\/{rel}","templated":true}]}}

Digitale (Un-)Abhängigkeit – Auswirkungen der Digitalisierung auf unser Leben

<section class="container-fluid bg-white px-0 pt-5 pt-md-5">
                    <div class="container px-3">
<p><strong>Bei unseren Smart Talks geht es oft darum, die Vorteile und den Mehrwert der digitalen Transformation darzustellen. Beim nächsten Mal soll allerdings ein kritischer Blick darauf geworfen werden, was der tägliche Umgang mit Handy, Social Media und digitaler Bespaßung mit uns macht.  Der Smart Talk findet am Donnerstag, den 26.06.2025 im Rahmen der Smarten Woche Bamberg-Ost statt.</strong></p>
</div>
                </section>


<!--more-->


<section class="container-fluid bg-white px-0 pt-5 pt-md-5">
                    <div class="container px-3">
<p>Mit unseren Podiumsgästen wollen wir uns fragen: Wie beeinflusst ein starker Konsum digitaler Medien das persönliche Wohlbefinden und insbesondere die Entwicklung von Kindern und Jugendlichen? Was macht er mit dem sozialen Gefüge in unserer Gesellschaft, und welche Rolle spielen Einsamkeit und Gemeinschaft in einer zunehmend digitalen Welt? Welche Strategien können helfen, einen gesunden Umgang mit digitalen Medien zu fördern?</p>
</div>
                </section>

<section class="container-fluid bg-white px-0 pt-5 pt-md-5">
                    <div class="container px-3">
<p>Mit dabei ist Carla Holtgrave, systemische Beraterin und Familientherapeutin bei der Suchtberatung Bamberg und Forchheim. Sie wird aus ihrer Arbeit als Suchtberaterin direkte Einblicke in mögliche Konsequenzen exzessiver Mediennutzung geben. Ergänzt werden diese Einblicke durch Erkenntnisse aus der Forschung, präsentiert von Christian Schicha. Als Professor für Medienethik an der Friedrich-Alexander-Universität Erlangen-Nürnberg betrachtet er gesellschaftliche Folgen intensiver Mediennutzung und macht Vorschläge, wie ein bewusster und verantwortungsvoller Umgang mit digitalen Medien aussehen kann. Nach der Podiumsdiskussion ist wie immer Zeit für Fragen und Anmerkungen aus dem Publikum!</p>
</div>
                </section>

<section class="container-fluid bg-white px-0 pt-5 pt-md-5">
                    <div class="container px-3">
<p><strong>Der Smart Talk findet am 26.06.2026 von 18.15 bis 19.45 Uhr im Rahmen der Smarten Woche Bamberg-Ost im Stadtteilzentrum Löwenzahn (Katzheimerstr. 3, 96050 Bamberg) statt</strong>.<strong> </strong>Die Smarte Woche bietet von Montag bis Freitag viele spannende Veranstaltungen rund um Digitalisierung. Weitere Informationen finden Sie <a rel="noreferrer noopener" href="https://smartcity.bamberg.de/2025/06/03/smarte-woche-bamberg-ost-23-27-juni-2025/" target="_blank">hier</a>.</p>
</div>
                </section>

<section class="container-fluid bg-white px-0 pt-5 pt-md-5">
                    <div class="container px-3">
<p>Alle Interessierten sind zu diesem Format herzlich eingeladen! Eine vorherige Anmeldung ist nicht nötig.</p>
</div>
                </section>

<p>Smart Talk: Digitale (Un-)Abhängigkeit – Auswirkungen der Digitalisierung auf unser Leben</p>
