{"id":6048,"date":"2025-10-06T09:13:15","date_gmt":"2025-10-06T07:13:15","guid":{"rendered":"https:\/\/smartcity.bamberg.de\/veranstaltungen\/"},"modified":"2025-12-04T17:53:50","modified_gmt":"2025-12-04T16:53:50","slug":"stammtisch-dez-2025","status":"publish","type":"events","link":"https:\/\/smartcity.bamberg.de\/les\/veranstaltungen\/stammtisch-dez-2025\/","title":{"rendered":"Stammtisch Dez. 2025"},"content":{"rendered":"<section class=\"container-fluid bg-white px-0 pt-5 pt-md-5\">\n                    <div class=\"container px-3\">\n<p>F\u00fcr das verbleibende Jahr stehen gleich vier Stammtische an, wie immer mittags und abends im Wechsel. Wir greifen zudem eine Idee wieder auf, zu Beginn des Stammtischs einen kleinen f\u00fcnf- bis zehnmin\u00fctigen Input zu Smart City Themen zu geben. Danach ist wie immer Zeit f\u00fcr einen freien Austausch und Fragen zu unseren Projekten und anderen digitalen Themen.<\/p>\n<\/div>\n                <\/section>\n\n<section class=\"container-fluid bg-white px-0 pt-5 pt-md-5\">\n                    <div class=\"container px-3\">\n<p>Zum letzten Stammtisch des Jahres wird es keinen Input geben &#8211; stattdessen treffen wir uns <strong>am 10.12. ab 17.30 Uhr in der H\u00fctte gegen\u00fcber dem Gl\u00fchweinstand &#8220;Weihnachtsb\u00e4ckerei&#8221; auf dem Weihnachtsmarkt am Maxplatz<\/strong> (s. Foto). Dort lassen das Jahr mit einer Tasse Punsch oder Gl\u00fchwein ausklingen und tauschen uns \u00fcber die spannenden Entwicklungen in den Projekten aus. <\/p>\n<\/div>\n                <\/section>\n\n<section class=\"container-fluid bg-white px-0 pt-5 pt-md-5\">\n                    <div class=\"container px-3\">\n<p>Eine Anmeldung ist nicht n\u00f6tig &#8211; wir freuen uns, wenn ihr kommt!<\/p>\n<\/div>\n                <\/section>\n\n\n<figure class=\"wp-block-image size-large\"><img loading=\"lazy\" decoding=\"async\" width=\"1024\" height=\"461\" src=\"https:\/\/smartcity.bamberg.de\/wp-content\/uploads\/2025\/10\/Stammtisch-1024x461.jpg\" alt=\"\" class=\"wp-image-6567\" srcset=\"https:\/\/smartcity.bamberg.de\/wp-content\/uploads\/2025\/10\/Stammtisch-1024x461.jpg 1024w, https:\/\/smartcity.bamberg.de\/wp-content\/uploads\/2025\/10\/Stammtisch-300x135.jpg 300w, https:\/\/smartcity.bamberg.de\/wp-content\/uploads\/2025\/10\/Stammtisch-768x345.jpg 768w, https:\/\/smartcity.bamberg.de\/wp-content\/uploads\/2025\/10\/Stammtisch-1536x691.jpg 1536w, https:\/\/smartcity.bamberg.de\/wp-content\/uploads\/2025\/10\/Stammtisch.jpg 2048w\" sizes=\"auto, (max-width: 1024px) 100vw, 1024px\" \/><\/figure>\n\n\n<section class=\"container-fluid bg-white px-0 pt-5 pt-md-5\">\n                    <div class=\"container px-3\">\n<p><\/p>\n<\/div>\n                <\/section>","protected":false},"excerpt":{"rendered":"<p>Habt ihr Fragen zu Smart City Bamberg? Wolltet ihr euch schon immer mal dazu austauschen? Dann kommt bei unserem Stammtisch vorbei!<\/p>\n","protected":false},"featured_media":6038,"template":"","meta":{"_acf_changed":false,"footnotes":""},"categories":[150],"class_list":["post-6048","events","type-events","status-publish","has-post-thumbnail","hentry","category-veranstaltungen"],"acf":[],"_links":{"self":[{"href":"https:\/\/smartcity.bamberg.de\/les\/wp-json\/wp\/v2\/events\/6048","targetHints":{"allow":["GET"]}}],"collection":[{"href":"https:\/\/smartcity.bamberg.de\/les\/wp-json\/wp\/v2\/events"}],"about":[{"href":"https:\/\/smartcity.bamberg.de\/les\/wp-json\/wp\/v2\/types\/events"}],"version-history":[{"count":5,"href":"https:\/\/smartcity.bamberg.de\/les\/wp-json\/wp\/v2\/events\/6048\/revisions"}],"predecessor-version":[{"id":6575,"href":"https:\/\/smartcity.bamberg.de\/les\/wp-json\/wp\/v2\/events\/6048\/revisions\/6575"}],"wp:featuredmedia":[{"embeddable":true,"href":"https:\/\/smartcity.bamberg.de\/les\/wp-json\/wp\/v2\/media\/6038"}],"wp:attachment":[{"href":"https:\/\/smartcity.bamberg.de\/les\/wp-json\/wp\/v2\/media?parent=6048"}],"wp:term":[{"taxonomy":"category","embeddable":true,"href":"https:\/\/smartcity.bamberg.de\/les\/wp-json\/wp\/v2\/categories?post=6048"}],"curies":[{"name":"wp","href":"https:\/\/api.w.org\/{rel}","templated":true}]}}

<section class="container-fluid bg-white px-0 pt-5 pt-md-5">
                    <div class="container px-3">
<p>Für das verbleibende Jahr stehen gleich vier Stammtische an, wie immer mittags und abends im Wechsel. Wir greifen zudem eine Idee wieder auf, zu Beginn des Stammtischs einen kleinen fünf- bis zehnminütigen Input zu Smart City Themen zu geben. Danach ist wie immer Zeit für einen freien Austausch und Fragen zu unseren Projekten und anderen digitalen Themen.</p>
</div>
                </section>

<section class="container-fluid bg-white px-0 pt-5 pt-md-5">
                    <div class="container px-3">
<p>Zum letzten Stammtisch des Jahres wird es keinen Input geben &#8211; stattdessen treffen wir uns <strong>am 10.12. ab 17.30 Uhr in der Hütte gegenüber dem Glühweinstand &#8220;Weihnachtsbäckerei&#8221; auf dem Weihnachtsmarkt am Maxplatz</strong> (s. Foto). Dort lassen das Jahr mit einer Tasse Punsch oder Glühwein ausklingen und tauschen uns über die spannenden Entwicklungen in den Projekten aus. </p>
</div>
                </section>

<section class="container-fluid bg-white px-0 pt-5 pt-md-5">
                    <div class="container px-3">
<p>Eine Anmeldung ist nicht nötig &#8211; wir freuen uns, wenn ihr kommt!</p>
</div>
                </section>


<figure class="wp-block-image size-large"><img loading="lazy" decoding="async" width="1024" height="461" src="https://smartcity.bamberg.de/wp-content/uploads/2025/10/Stammtisch-1024x461.jpg" alt="" class="wp-image-6567" srcset="https://smartcity.bamberg.de/wp-content/uploads/2025/10/Stammtisch-1024x461.jpg 1024w, https://smartcity.bamberg.de/wp-content/uploads/2025/10/Stammtisch-300x135.jpg 300w, https://smartcity.bamberg.de/wp-content/uploads/2025/10/Stammtisch-768x345.jpg 768w, https://smartcity.bamberg.de/wp-content/uploads/2025/10/Stammtisch-1536x691.jpg 1536w, https://smartcity.bamberg.de/wp-content/uploads/2025/10/Stammtisch.jpg 2048w" sizes="auto, (max-width: 1024px) 100vw, 1024px" /></figure>


<section class="container-fluid bg-white px-0 pt-5 pt-md-5">
                    <div class="container px-3">
<p></p>
</div>
                </section>
